{"id":442,"date":"2015-02-22T20:08:56","date_gmt":"2015-02-22T20:08:56","guid":{"rendered":"http:\/\/wp\/enfold-medium-business\/?page_id=18"},"modified":"2025-11-27T16:04:24","modified_gmt":"2025-11-27T15:04:24","slug":"nos-services","status":"publish","type":"page","link":"https:\/\/agatemarketing.fr\/index.php\/nos-services\/","title":{"rendered":"Nos services"},"content":{"rendered":"<div  data-size='extra_large'  data-lightbox_size='large'  data-animation='slide'  data-ids='2397'  data-video_counter='0'  data-autoplay='false'  data-bg_slider='false'  data-slide_height=''  data-handle='av_slideshow'  data-interval='5'  data-class=''  data-css_id=''  data-scroll_down=''  data-control_layout='av-control-default'  data-custom_markup=''  data-perma_caption='aviaTBperma_caption'  data-autoplay_stopper=''  data-image_attachment=''  data-min_height='0px'  data-default-height='100'  class='avia-slideshow avia-slideshow-1  av-control-default av-default-height-applied avia-slideshow-extra_large av_slideshow  avia-slide-slider '  itemscope=\"itemscope\" itemtype=\"https:\/\/schema.org\/ImageObject\" ><ul class='avia-slideshow-inner' style='padding-bottom: 42%;'><li  class=' av-single-slide slide-1 ' ><div data-rel='slideshow-1' class='avia-slide-wrap'  ><img src='https:\/\/agatemarketing.fr\/wp-content\/uploads\/2022\/11\/Des-solutions-marketing-sur-mesure-1.jpg' width='1500' height='630' title='Agate marketing, des solutions marketing sur mesure' alt='Agate marketing, des solutions marketing sur mesure'  itemprop=\"contentURL\"   \/><\/div><\/li><\/ul><\/div>\n<div style='padding-bottom:30px;font-size:30px;' class='av-special-heading av-special-heading-h3  blockquote classic-quote   av-inherit-size'><h3 class='av-special-heading-tag'  itemprop=\"headline\"  >Des solutions marketing <span class='special_amp'>&amp;<\/span> communication sur mesure, construites avec vous<\/h3><div class='special-heading-border'><div class='special-heading-inner-border' ><\/div><\/div><\/div>\n<section class=\"av_textblock_section\"  itemscope=\"itemscope\" itemtype=\"https:\/\/schema.org\/CreativeWork\" ><div class='avia_textblock '   itemprop=\"text\" ><p style=\"text-align: left;\"><span style=\"font-size: 24px; color: #0f1827;\">Depuis 2018, Agate marketing compose des <strong>solutions marketing personnalis\u00e9es<\/strong> pour r\u00e9pondre aux enjeux de d\u00e9veloppement de ses clients.<\/span><\/p>\n<\/div><\/section>\n<div style='height:10px' class='hr hr-invisible '><span class='hr-inner ' ><span class='hr-inner-style'><\/span><\/span><\/div>\n<div class='flex_column_table av-equal-height-column-flextable' style='margin-top:0px; margin-bottom:0px; '><div class=\"flex_column av_one_third  no_margin flex_column_table_cell av-equal-height-column av-align-middle av-zero-column-padding first  \" style='border-radius:0px; '><section class=\"av_textblock_section\"  itemscope=\"itemscope\" itemtype=\"https:\/\/schema.org\/CreativeWork\" ><div class='avia_textblock '   itemprop=\"text\" ><p style=\"text-align: left;\"><span style=\"color: #d9a842; font-size: 24px;\"><strong><span style=\"font-weight: 400;\">\u270e <\/span>Notre mission<\/strong><\/span><\/p>\n<\/div><\/section><br \/>\n<div style='height:5px' class='hr hr-invisible '><span class='hr-inner ' ><span class='hr-inner-style'><\/span><\/span><\/div><br \/>\n<section class=\"av_textblock_section\"  itemscope=\"itemscope\" itemtype=\"https:\/\/schema.org\/CreativeWork\" ><div class='avia_textblock '   itemprop=\"text\" ><p style=\"text-align: left;\"><span style=\"font-size: 20px;\"><span style=\"color: #d9a842;\"><strong>\u2713 <\/strong><span style=\"color: #000000;\">Cr\u00e9er<\/span><\/span><span style=\"color: #000000;\">\u00a0<\/span>un <span style=\"color: #d9a842;\">plan marketing cl\u00e9 en main<\/span> <\/span><\/p>\n<p style=\"text-align: left;\"><span style=\"font-size: 20px;\"><span style=\"color: #d9a842;\"><strong>\u2713 <\/strong><span style=\"color: #000000;\">V<\/span><span style=\"color: #000000;\">ous guider dans <\/span>son d\u00e9ploiement<\/span><\/span><\/p>\n<p style=\"text-align: left;\"><span style=\"font-size: 20px;\"><span style=\"color: #d9a842;\"><strong>\u2713 <\/strong><span style=\"color: #000000;\">V<\/span><span style=\"color: #000000;\">ous former \u00e0 <\/span>sa prise en main<\/span><\/span><\/p>\n<\/div><\/section><\/p><\/div>\n<div class=\"flex_column av_one_third  no_margin flex_column_table_cell av-equal-height-column av-align-middle av-zero-column-padding   \" style='border-radius:0px; '><section class=\"av_textblock_section\"  itemscope=\"itemscope\" itemtype=\"https:\/\/schema.org\/CreativeWork\" ><div class='avia_textblock '   itemprop=\"text\" ><p style=\"text-align: left;\"><span style=\"color: #d9a842; font-size: 24px;\"><strong><span style=\"font-weight: 400;\">\u2206 <\/span>Notre posture<\/strong><\/span><\/p>\n<\/div><\/section><br \/>\n<div style='height:5px' class='hr hr-invisible '><span class='hr-inner ' ><span class='hr-inner-style'><\/span><\/span><\/div><br \/>\n<section class=\"av_textblock_section\"  itemscope=\"itemscope\" itemtype=\"https:\/\/schema.org\/CreativeWork\" ><div class='avia_textblock '   itemprop=\"text\" ><p style=\"text-align: left;\"><span style=\"font-size: 20px;\"><span style=\"color: #d9a842;\"><strong>\u2713\u00a0<\/strong><span style=\"color: #000000;\"><span style=\"color: #d9a842;\">L&rsquo;adaptabilit\u00e9<\/span> fait notre agilit\u00e9<\/span><\/span><\/span><\/p>\n<p style=\"text-align: left;\"><span style=\"font-size: 20px;\"><span style=\"color: #d9a842;\"><strong>\u2713 <\/strong><span style=\"color: #000000;\">Une approche <span style=\"color: #d9a842;\">multi-sectorielle<\/span><\/span><\/span><\/span><\/p>\n<p style=\"text-align: left;\"><span style=\"font-size: 20px;\"><span style=\"color: #d9a842;\"><strong>\u2713 <\/strong><span style=\"color: #000000;\">Une couverture <span style=\"color: #d9a842;\">toute France<\/span><\/span><\/span><\/span><\/p>\n<\/div><\/section><\/p><\/div>\n<div class=\"flex_column av_one_third  no_margin flex_column_table_cell av-equal-height-column av-align-middle av-zero-column-padding   \" style='border-radius:0px; '><section class=\"av_textblock_section\"  itemscope=\"itemscope\" itemtype=\"https:\/\/schema.org\/CreativeWork\" ><div class='avia_textblock '   itemprop=\"text\" ><p style=\"text-align: left;\"><span style=\"color: #d9a842; font-size: 24px;\"><strong><span style=\"font-weight: 400;\">\u21f5\u00a0<\/span>Notre engagement<\/strong><\/span><\/p>\n<\/div><\/section><br \/>\n<div style='height:5px' class='hr hr-invisible '><span class='hr-inner ' ><span class='hr-inner-style'><\/span><\/span><\/div><br \/>\n<section class=\"av_textblock_section\"  itemscope=\"itemscope\" itemtype=\"https:\/\/schema.org\/CreativeWork\" ><div class='avia_textblock '   itemprop=\"text\" ><p style=\"text-align: left;\"><span style=\"font-size: 20px;\"><span style=\"color: #d9a842;\"><strong>\u2713 <\/strong><span style=\"color: #000000;\">Votre<\/span> satisfaction\u00a0<\/span><\/span><\/p>\n<p style=\"text-align: left;\"><span style=\"font-size: 20px;\"><span style=\"color: #d9a842;\"><strong>\u2713 <\/strong><span style=\"color: #000000;\">Votre<\/span> d\u00e9veloppement<\/span><\/span><\/p>\n<p style=\"text-align: left;\"><span style=\"font-size: 20px;\"><span style=\"color: #d9a842;\"><strong>\u2713 <\/strong><span style=\"color: #000000;\">Votre <span style=\"color: #d9a842;\">rayonnement<\/span><\/span><\/span><\/span><\/p>\n<\/div><\/section><\/p><\/div><\/div><!--close column table wrapper. Autoclose:  -->\n<div style=' margin-top:30px; margin-bottom:30px;'  class='hr hr-custom hr-center hr-icon-yes '><span class='hr-inner   inner-border-av-border-thin' style=' width:100px; border-color:#d9a842;' ><span class='hr-inner-style'><\/span><\/span><span class='av-seperator-icon'  aria-hidden='true' data-av_icon='\ue86f' data-av_iconfont='entypo-fontello'><\/span><span class='hr-inner   inner-border-av-border-thin' style=' width:100px; border-color:#d9a842;' ><span class='hr-inner-style'><\/span><\/span><\/div>\n<div style='padding-bottom:30px;font-size:30px;' class='av-special-heading av-special-heading-h3  blockquote classic-quote   av-inherit-size'><h3 class='av-special-heading-tag'  itemprop=\"headline\"  >Des r\u00e9alisations concr\u00e8tes, sources de votre rayonnement<\/h3><div class='special-heading-border'><div class='special-heading-inner-border' ><\/div><\/div><\/div>\n<section class=\"av_textblock_section\"  itemscope=\"itemscope\" itemtype=\"https:\/\/schema.org\/CreativeWork\" ><div class='avia_textblock '   itemprop=\"text\" ><p style=\"text-align: left;\"><span style=\"font-size: 24px; color: #0f1827;\">Vous souhaitez en savoir plus sur les services propos\u00e9s par <span style=\"color: #d9a842;\"><strong>Agate marketing ? <\/strong><\/span><a href=\"https:\/\/youtu.be\/N0oV4Y6xc-o?si=FS__SoTbM_fKsSyW\">Visionnez cette pr\u00e9sentation.<\/a><\/span><\/p>\n<\/div><\/section>\n<div style='height:30px' class='hr hr-invisible '><span class='hr-inner ' ><span class='hr-inner-style'><\/span><\/span><\/div>\n<div  class='avia-video avia-video-16-9  '  itemprop=\"video\" itemtype=\"https:\/\/schema.org\/VideoObject\" ><div class='avia-iframe-wrap'><iframe title=\"Agate marketing, communication &amp; marketing sur mesure\" width=\"1500\" height=\"844\" src=\"https:\/\/www.youtube.com\/embed\/N0oV4Y6xc-o?feature=oembed\" frameborder=\"0\" allow=\"accelerometer; autoplay; clipboard-write; encrypted-media; gyroscope; picture-in-picture; web-share\" referrerpolicy=\"strict-origin-when-cross-origin\" allowfullscreen><\/iframe><\/div><\/div>\n<\/div><\/div><\/div><!-- close content main div --><\/div><\/div><div id='av_section_1' class='avia-section main_color avia-section-no-padding avia-no-shadow avia-bg-style-scroll  container_wrap sidebar_right'   ><div class='container' ><div class='template-page content  av-content-small alpha units'><div class='post-entry post-entry-type-page post-entry-442'><div class='entry-content-wrapper clearfix'>\n<div style=' margin-top:30px; margin-bottom:30px;'  class='hr hr-custom hr-center hr-icon-yes '><span class='hr-inner   inner-border-av-border-thin' style=' width:100px; border-color:#d9a842;' ><span class='hr-inner-style'><\/span><\/span><span class='av-seperator-icon'  aria-hidden='true' data-av_icon='\ue86f' data-av_iconfont='entypo-fontello'><\/span><span class='hr-inner   inner-border-av-border-thin' style=' width:100px; border-color:#d9a842;' ><span class='hr-inner-style'><\/span><\/span><\/div>\n<div style='padding-bottom:30px;font-size:30px;' class='av-special-heading av-special-heading-h3  blockquote classic-quote   av-inherit-size'><h3 class='av-special-heading-tag'  itemprop=\"headline\"  >Galerie photos<\/h3><div class='special-heading-border'><div class='special-heading-inner-border' ><\/div><\/div><\/div>\n<div style='height:30px' class='hr hr-invisible '><span class='hr-inner ' ><span class='hr-inner-style'><\/span><\/span><\/div>\n<div class='avia-gallery avia-gallery-1 avia_lazyload avia_animate_when_visible '  itemscope=\"itemscope\" itemtype=\"https:\/\/schema.org\/ImageObject\" ><div class='avia-gallery-thumb'> <a href='https:\/\/agatemarketing.fr\/wp-content\/uploads\/2020\/02\/IMG_0263.jpg' data-rel='gallery-1' data-prev-img='https:\/\/agatemarketing.fr\/wp-content\/uploads\/2020\/02\/IMG_0263-495x400.jpg' class='first_thumb avianolink noLightbox ' data-onclick='1' title='R\u00e9alisation de vid\u00e9os'  itemprop=\"contentURL\" ><img data-avia-tooltip='R\u00e9alisation de vid\u00e9os' src='https:\/\/agatemarketing.fr\/wp-content\/uploads\/2020\/02\/IMG_0263-495x400.jpg' width='495' height='400'  title='Tournage vid\u00e9os r\u00e9seaux sociaux' alt='Tournage vid\u00e9os r\u00e9seaux sociaux' \/><\/a> <a href='https:\/\/agatemarketing.fr\/wp-content\/uploads\/2021\/06\/canel\u00e9s_4_moules_ambiance-1-scaled-e1622641907855-1030x649.jpg' data-rel='gallery-1' data-prev-img='https:\/\/agatemarketing.fr\/wp-content\/uploads\/2021\/06\/canel\u00e9s_4_moules_ambiance-1-scaled-e1622641907855-495x400.jpg' class='avianolink noLightbox ' data-onclick='2' title='Shooting produits studio'  itemprop=\"contentURL\" ><img data-avia-tooltip='Shooting produits studio' src='https:\/\/agatemarketing.fr\/wp-content\/uploads\/2021\/06\/canel\u00e9s_4_moules_ambiance-1-scaled-e1622641907855-495x400.jpg' width='495' height='400'  title='Mise en ambiance de moules \u00e0 canel\u00e9s Patisse' alt='Shooting photos ustensiles p\u00e2tisserie Patisse' \/><\/a> <a href='https:\/\/agatemarketing.fr\/wp-content\/uploads\/2021\/06\/1608190967825-771x1030.jpg' data-rel='gallery-1' data-prev-img='https:\/\/agatemarketing.fr\/wp-content\/uploads\/2021\/06\/1608190967825-495x400.jpg' class='avianolink noLightbox ' data-onclick='3' title='Visite de sites de production'  itemprop=\"contentURL\" ><img data-avia-tooltip='Visite de sites de production' src='https:\/\/agatemarketing.fr\/wp-content\/uploads\/2021\/06\/1608190967825-495x400.jpg' width='495' height='400'  title='Coutellerie made in France Roger Orf\u00e8vre Thiers' alt='Coutellerie made in France Roger Orf\u00e8vre Thiers' \/><\/a> <a href='https:\/\/agatemarketing.fr\/wp-content\/uploads\/2022\/12\/Patisse-1-scaled-e1669912875358-1030x783.jpg' data-rel='gallery-1' data-prev-img='https:\/\/agatemarketing.fr\/wp-content\/uploads\/2022\/12\/Patisse-1-scaled-e1669912875358-495x400.jpg' class='avianolink noLightbox ' data-onclick='4' title='Remise des prix Cuisine Actuelle'  itemprop=\"contentURL\" ><img data-avia-tooltip='Remise des prix Cuisine Actuelle' src='https:\/\/agatemarketing.fr\/wp-content\/uploads\/2022\/12\/Patisse-1-scaled-e1669912875358-495x400.jpg' width='495' height='400'  title='Remise des prix concours Cuisine Actuelle 2022' alt='Remise des prix concours Cuisine Actuelle 2022' \/><\/a> <a href='https:\/\/agatemarketing.fr\/wp-content\/uploads\/2022\/12\/IMG_20221110_104606-scaled-e1669913743109-966x1030.jpg' data-rel='gallery-1' data-prev-img='https:\/\/agatemarketing.fr\/wp-content\/uploads\/2022\/12\/IMG_20221110_104606-scaled-e1669913743109-495x400.jpg' class='avianolink noLightbox ' data-onclick='5' title='Salon du Made in France'  itemprop=\"contentURL\" ><img data-avia-tooltip='Salon du Made in France' src='https:\/\/agatemarketing.fr\/wp-content\/uploads\/2022\/12\/IMG_20221110_104606-scaled-e1669913743109-495x400.jpg' width='495' height='400'  title='Salon du Made in France MIF Expo 2022' alt='Stand Mali&#039;s Salon du Made in France MIF Expo 2022' \/><\/a><\/div><\/div>\n<div style='height:30px' class='hr hr-invisible '><span class='hr-inner ' ><span class='hr-inner-style'><\/span><\/span><\/div>\n<section class=\"av_textblock_section\"  itemscope=\"itemscope\" itemtype=\"https:\/\/schema.org\/CreativeWork\" ><div class='avia_textblock '   itemprop=\"text\" ><p style=\"text-align: center;\"><span style=\"font-size: 20px;\"><span style=\"font-weight: 400;\">\ud83d\udcac Suivez<\/span> nos news dans <a href=\"https:\/\/agatemarketing.fr\/index.php\/news\/\" target=\"_blank\" rel=\"noopener\">Nos actus<\/a>\u00a0<\/span><\/p>\n<\/div><\/section>\n<div style=' margin-top:30px; margin-bottom:30px;'  class='hr hr-custom hr-center hr-icon-yes '><span class='hr-inner   inner-border-av-border-thin' style=' width:100px; border-color:#d9a842;' ><span class='hr-inner-style'><\/span><\/span><span class='av-seperator-icon'  aria-hidden='true' data-av_icon='\ue86f' data-av_iconfont='entypo-fontello'><\/span><span class='hr-inner   inner-border-av-border-thin' style=' width:100px; border-color:#d9a842;' ><span class='hr-inner-style'><\/span><\/span><\/div>\n<\/div><\/div><\/div><!-- close content main div --><\/div><\/div><div id='after_section_1' class='main_color av_default_container_wrap container_wrap sidebar_right'   ><div class='container' ><div class='template-page content  av-content-small alpha units'><div class='post-entry post-entry-type-page post-entry-442'><div class='entry-content-wrapper clearfix'>\n<\/div><\/div><\/div><!-- close content main div --><\/div><\/div><div id='av_section_2' class='avia-section main_color avia-section-no-padding avia-no-shadow avia-bg-style-scroll  container_wrap sidebar_right'   ><div class='container' ><div class='template-page content  av-content-small alpha units'><div class='post-entry post-entry-type-page post-entry-442'><div class='entry-content-wrapper clearfix'>\n<div style='height:50px' class='hr hr-invisible '><span class='hr-inner ' ><span class='hr-inner-style'><\/span><\/span><\/div>\n<section class=\"av_textblock_section\"  itemscope=\"itemscope\" itemtype=\"https:\/\/schema.org\/CreativeWork\" ><div class='avia_textblock '   itemprop=\"text\" ><p style=\"text-align: right;\"><span style=\"font-size: 14px; color: #d9a842;\"><span style=\"font-size: 12px;\"><span style=\"color: #d9a800;\"><a href=\"https:\/\/www.facebook.com\/Agatemarketing\" target=\"_blank\" rel=\"noopener\"><img loading=\"lazy\" class=\"wp-image-2037 alignleft\" src=\"https:\/\/agatemarketing.fr\/wp-content\/uploads\/2021\/05\/facebook-HD-300x300.png\" alt=\"\" width=\"25\" height=\"25\" srcset=\"https:\/\/agatemarketing.fr\/wp-content\/uploads\/2021\/05\/facebook-HD-300x300.png 300w, https:\/\/agatemarketing.fr\/wp-content\/uploads\/2021\/05\/facebook-HD-80x80.png 80w, https:\/\/agatemarketing.fr\/wp-content\/uploads\/2021\/05\/facebook-HD-36x36.png 36w, https:\/\/agatemarketing.fr\/wp-content\/uploads\/2021\/05\/facebook-HD-180x180.png 180w, https:\/\/agatemarketing.fr\/wp-content\/uploads\/2021\/05\/facebook-HD-120x120.png 120w, https:\/\/agatemarketing.fr\/wp-content\/uploads\/2021\/05\/facebook-HD-450x450.png 450w, https:\/\/agatemarketing.fr\/wp-content\/uploads\/2021\/05\/facebook-HD.png 512w\" sizes=\"(max-width: 25px) 100vw, 25px\" \/><\/a><\/span><a href=\"https:\/\/www.instagram.com\/agate_mkg\/\" target=\"_blank\" rel=\"noopener\"><img loading=\"lazy\" class=\"wp-image-2038 alignleft\" src=\"https:\/\/agatemarketing.fr\/wp-content\/uploads\/2021\/05\/instagram-HD-300x300.png\" alt=\"\" width=\"26\" height=\"26\" srcset=\"https:\/\/agatemarketing.fr\/wp-content\/uploads\/2021\/05\/instagram-HD-300x300.png 300w, https:\/\/agatemarketing.fr\/wp-content\/uploads\/2021\/05\/instagram-HD-80x80.png 80w, https:\/\/agatemarketing.fr\/wp-content\/uploads\/2021\/05\/instagram-HD-36x36.png 36w, https:\/\/agatemarketing.fr\/wp-content\/uploads\/2021\/05\/instagram-HD-180x180.png 180w, https:\/\/agatemarketing.fr\/wp-content\/uploads\/2021\/05\/instagram-HD-120x120.png 120w, https:\/\/agatemarketing.fr\/wp-content\/uploads\/2021\/05\/instagram-HD-450x450.png 450w, https:\/\/agatemarketing.fr\/wp-content\/uploads\/2021\/05\/instagram-HD.png 512w\" sizes=\"(max-width: 26px) 100vw, 26px\" \/><\/a><a href=\"https:\/\/www.linkedin.com\/company\/14029173\/admin\/\" target=\"_blank\" rel=\"noopener\"><img loading=\"lazy\" class=\"alignleft wp-image-2039\" src=\"https:\/\/agatemarketing.fr\/wp-content\/uploads\/2021\/05\/linkedin-HD-300x300.png\" alt=\"\" width=\"26\" height=\"26\" srcset=\"https:\/\/agatemarketing.fr\/wp-content\/uploads\/2021\/05\/linkedin-HD-300x300.png 300w, https:\/\/agatemarketing.fr\/wp-content\/uploads\/2021\/05\/linkedin-HD-80x80.png 80w, https:\/\/agatemarketing.fr\/wp-content\/uploads\/2021\/05\/linkedin-HD-36x36.png 36w, https:\/\/agatemarketing.fr\/wp-content\/uploads\/2021\/05\/linkedin-HD-180x180.png 180w, https:\/\/agatemarketing.fr\/wp-content\/uploads\/2021\/05\/linkedin-HD-120x120.png 120w, https:\/\/agatemarketing.fr\/wp-content\/uploads\/2021\/05\/linkedin-HD-450x450.png 450w, https:\/\/agatemarketing.fr\/wp-content\/uploads\/2021\/05\/linkedin-HD.png 512w\" sizes=\"(max-width: 26px) 100vw, 26px\" \/><\/a>Site cr\u00e9\u00e9 par Agate marketing, Avermes (03) \/ <a href=\"https:\/\/agatemarketing.fr\/index.php\/mentions-legales\/\" target=\"_blank\" rel=\"noopener\">Mentions l\u00e9gales<\/a><\/span><\/span><\/p>\n<\/div><\/section>\n<\/div><\/div><\/div><!-- close content main div --><\/div><\/div><div id='after_section_2' class='main_color av_default_container_wrap container_wrap sidebar_right'   ><div class='container' ><div class='template-page content  av-content-small alpha units'><div class='post-entry post-entry-type-page post-entry-442'><div class='entry-content-wrapper clearfix'>\n","protected":false},"excerpt":{"rendered":"","protected":false},"author":1,"featured_media":0,"parent":0,"menu_order":0,"comment_status":"open","ping_status":"open","template":"","meta":[],"yoast_head":"<!-- This site is optimized with the Yoast SEO plugin v16.4 - https:\/\/yoast.com\/wordpress\/plugins\/seo\/ -->\n<title>R\u00e9alisations marketing | Agate marketing, conseil en marketing<\/title>\n<meta name=\"description\" content=\"D\u00e9couvrez nos r\u00e9alisations marketing en strat\u00e9gie de communication digitale, production de contenu et d\u00e9veloppements de produits.\" \/>\n<meta name=\"robots\" content=\"index, follow, max-snippet:-1, max-image-preview:large, max-video-preview:-1\" \/>\n<link rel=\"canonical\" href=\"https:\/\/agatemarketing.fr\/index.php\/nos-services\/\" \/>\n<meta property=\"og:locale\" content=\"fr_FR\" \/>\n<meta property=\"og:type\" content=\"article\" \/>\n<meta property=\"og:title\" content=\"R\u00e9alisations marketing | Agate marketing, conseil en marketing\" \/>\n<meta property=\"og:description\" content=\"D\u00e9couvrez nos r\u00e9alisations marketing en strat\u00e9gie de communication digitale, production de contenu et d\u00e9veloppements de produits.\" \/>\n<meta property=\"og:url\" content=\"https:\/\/agatemarketing.fr\/index.php\/nos-services\/\" \/>\n<meta property=\"og:site_name\" content=\"Agate marketing\" \/>\n<meta property=\"article:modified_time\" content=\"2025-11-27T15:04:24+00:00\" \/>\n<meta property=\"og:image\" content=\"https:\/\/agatemarketing.fr\/wp-content\/uploads\/2021\/05\/facebook-HD-300x300.png\" \/>\n<meta name=\"twitter:card\" content=\"summary_large_image\" \/>\n<meta name=\"twitter:label1\" content=\"Dur\u00e9e de lecture est.\" \/>\n\t<meta name=\"twitter:data1\" content=\"6 minutes\" \/>\n<script type=\"application\/ld+json\" class=\"yoast-schema-graph\">{\"@context\":\"https:\/\/schema.org\",\"@graph\":[{\"@type\":\"WebSite\",\"@id\":\"https:\/\/agatemarketing.fr\/#website\",\"url\":\"https:\/\/agatemarketing.fr\/\",\"name\":\"Agate marketing\",\"description\":\"I got marketing !\",\"potentialAction\":[{\"@type\":\"SearchAction\",\"target\":\"https:\/\/agatemarketing.fr\/?s={search_term_string}\",\"query-input\":\"required name=search_term_string\"}],\"inLanguage\":\"fr-FR\"},{\"@type\":\"ImageObject\",\"@id\":\"https:\/\/agatemarketing.fr\/index.php\/nos-services\/#primaryimage\",\"inLanguage\":\"fr-FR\",\"url\":\"https:\/\/agatemarketing.fr\/wp-content\/uploads\/2021\/05\/facebook-HD.png\",\"contentUrl\":\"https:\/\/agatemarketing.fr\/wp-content\/uploads\/2021\/05\/facebook-HD.png\",\"width\":512,\"height\":512},{\"@type\":\"WebPage\",\"@id\":\"https:\/\/agatemarketing.fr\/index.php\/nos-services\/#webpage\",\"url\":\"https:\/\/agatemarketing.fr\/index.php\/nos-services\/\",\"name\":\"R\\u00e9alisations marketing | Agate marketing, conseil en marketing\",\"isPartOf\":{\"@id\":\"https:\/\/agatemarketing.fr\/#website\"},\"primaryImageOfPage\":{\"@id\":\"https:\/\/agatemarketing.fr\/index.php\/nos-services\/#primaryimage\"},\"datePublished\":\"2015-02-22T20:08:56+00:00\",\"dateModified\":\"2025-11-27T15:04:24+00:00\",\"description\":\"D\\u00e9couvrez nos r\\u00e9alisations marketing en strat\\u00e9gie de communication digitale, production de contenu et d\\u00e9veloppements de produits.\",\"breadcrumb\":{\"@id\":\"https:\/\/agatemarketing.fr\/index.php\/nos-services\/#breadcrumb\"},\"inLanguage\":\"fr-FR\",\"potentialAction\":[{\"@type\":\"ReadAction\",\"target\":[\"https:\/\/agatemarketing.fr\/index.php\/nos-services\/\"]}]},{\"@type\":\"BreadcrumbList\",\"@id\":\"https:\/\/agatemarketing.fr\/index.php\/nos-services\/#breadcrumb\",\"itemListElement\":[{\"@type\":\"ListItem\",\"position\":1,\"item\":{\"@type\":\"WebPage\",\"@id\":\"https:\/\/agatemarketing.fr\/index.php\/products\/\",\"url\":\"https:\/\/agatemarketing.fr\/index.php\/products\/\",\"name\":\"Home\"}},{\"@type\":\"ListItem\",\"position\":2,\"item\":{\"@id\":\"https:\/\/agatemarketing.fr\/index.php\/nos-services\/#webpage\"}}]}]}<\/script>\n<!-- \/ Yoast SEO plugin. -->","_links":{"self":[{"href":"https:\/\/agatemarketing.fr\/index.php\/wp-json\/wp\/v2\/pages\/442"}],"collection":[{"href":"https:\/\/agatemarketing.fr\/index.php\/wp-json\/wp\/v2\/pages"}],"about":[{"href":"https:\/\/agatemarketing.fr\/index.php\/wp-json\/wp\/v2\/types\/page"}],"author":[{"embeddable":true,"href":"https:\/\/agatemarketing.fr\/index.php\/wp-json\/wp\/v2\/users\/1"}],"replies":[{"embeddable":true,"href":"https:\/\/agatemarketing.fr\/index.php\/wp-json\/wp\/v2\/comments?post=442"}],"version-history":[{"count":408,"href":"https:\/\/agatemarketing.fr\/index.php\/wp-json\/wp\/v2\/pages\/442\/revisions"}],"predecessor-version":[{"id":2280,"href":"https:\/\/agatemarketing.fr\/index.php\/wp-json\/wp\/v2\/pages\/442\/revisions\/2280"}],"wp:attachment":[{"href":"https:\/\/agatemarketing.fr\/index.php\/wp-json\/wp\/v2\/media?parent=442"}],"curies":[{"name":"wp","href":"https:\/\/api.w.org\/{rel}","templated":true}]}}